{"id":16,"date":"2025-01-14T21:37:26","date_gmt":"2025-01-14T21:37:26","guid":{"rendered":"https:\/\/objetivos.net\/brazil\/?page_id=16"},"modified":"2025-01-15T15:44:00","modified_gmt":"2025-01-15T15:44:00","slug":"sobre-nos","status":"publish","type":"page","link":"https:\/\/objetivos.net\/brazil\/sobre-nos\/","title":{"rendered":"Sobre n\u00f3s"},"content":{"rendered":"\r\n<p><strong>Objetivos, Treinamento &amp; Servi\u00e7os \u00e9 uma empresa unipessoal que, desde 1991, presta servi\u00e7os de consultoria, capacita\u00e7\u00e3o e servi\u00e7os v\u00e1rios a todo tipo de empresa.<\/strong><br \/><br \/><strong>Embora seja &#8220;unipessoal&#8221;, sempre houve profissionais que fizeram parceria com o prop\u00f3sito de entregar servi\u00e7os especializados, desde contabilidade at\u00e9 instala\u00e7\u00f5es el\u00e9tricas, desde desenvolvimento de sistemas personalizados, at\u00e9 m\u00e3o de obra de constru\u00e7\u00e3o.<\/strong><br \/><br \/><strong>Com treinamento de n\u00edvel avan\u00e7ado nos Estados Unidos e Argentina, temos um leque de poss\u00edveis solu\u00e7\u00f5es para suas necessidades de opera\u00e7\u00e3o eficiente e crescimento empresarial.<\/strong><br \/><br \/><strong>Com prazer, iremos ajud\u00e1-lo!<\/strong><\/p>\r\n<p><strong>\r\n\r\n<\/strong><\/p>\r\n<p><strong>Daniel Oscar Panno<\/strong><\/p>\r\n<p><strong>\r\n\r\n<\/strong><\/p>\r\n<p>&nbsp;<\/p>\r\n","protected":false},"excerpt":{"rendered":"<p>Objetivos, Treinamento &amp; Servi\u00e7os \u00e9 uma empresa unipessoal que, desde 1991, presta servi\u00e7os de consultoria, capacita\u00e7\u00e3o e servi\u00e7os v\u00e1rios a todo tipo de empresa. Embora seja &#8220;unipessoal&#8221;, sempre houve profissionais que fizeram parceria com o prop\u00f3sito de entregar servi\u00e7os especializados, desde contabilidade at\u00e9 instala\u00e7\u00f5es el\u00e9tricas, desde desenvolvimento de sistemas personalizados, at\u00e9 m\u00e3o de obra de&hellip; <a class=\"more-link\" href=\"https:\/\/objetivos.net\/brazil\/sobre-nos\/\">Continuar lendo <span class=\"screen-reader-text\">Sobre n\u00f3s<\/span><\/a><\/p>\n","protected":false},"author":1,"featured_media":0,"parent":0,"menu_order":0,"comment_status":"closed","ping_status":"closed","template":"","meta":[],"_links":{"self":[{"href":"https:\/\/objetivos.net\/brazil\/wp-json\/wp\/v2\/pages\/16"}],"collection":[{"href":"https:\/\/objetivos.net\/brazil\/wp-json\/wp\/v2\/pages"}],"about":[{"href":"https:\/\/objetivos.net\/brazil\/wp-json\/wp\/v2\/types\/page"}],"author":[{"embeddable":true,"href":"https:\/\/objetivos.net\/brazil\/wp-json\/wp\/v2\/users\/1"}],"replies":[{"embeddable":true,"href":"https:\/\/objetivos.net\/brazil\/wp-json\/wp\/v2\/comments?post=16"}],"version-history":[{"count":2,"href":"https:\/\/objetivos.net\/brazil\/wp-json\/wp\/v2\/pages\/16\/revisions"}],"predecessor-version":[{"id":20,"href":"https:\/\/objetivos.net\/brazil\/wp-json\/wp\/v2\/pages\/16\/revisions\/20"}],"wp:attachment":[{"href":"https:\/\/objetivos.net\/brazil\/wp-json\/wp\/v2\/media?parent=16"}],"curies":[{"name":"wp","href":"https:\/\/api.w.org\/{rel}","templated":true}]}}